{"id":97,"date":"2017-09-01T21:09:11","date_gmt":"2017-09-01T21:09:11","guid":{"rendered":"http:\/\/pedrogajate.com\/?page_id=97"},"modified":"2018-05-07T21:37:14","modified_gmt":"2018-05-07T19:37:14","slug":"trebolares","status":"publish","type":"page","link":"https:\/\/pedrogajate.com\/?page_id=97","title":{"rendered":"Trebolares"},"content":{"rendered":"<div class='row'><div style='padding-bottom:35px;' class='span12 first-module module_number_1 module_cont  module_content'><div class='module_content'><h2>Trebolares<\/h2><br \/>\n<p class=\"p1\">Esta peque\u00f1a parcela tiene una superficie de 1400 m<span class=\"s1\"><sup>2<\/sup><\/span> y se encuentra en el t\u00e9rmino municipal de Villarino en la cuenca del rio Duero. Por su altitud, 675m, es m\u00e1s sensible a sufrir heladas de primavera. El suelo m\u00e1s profundo y la buena adaptaci\u00f3n de las variedades hacen que \u00a0el vigor de sus cepas no sea el habitual de plantas de casi 100 a\u00f1os.<br \/>\n<\/p><\/div><\/div><!-- .module_cont --><\/div><div class='row'><div style='padding-bottom:0px;' class='span12  module_number_2 module_cont  module_gallery'><div class='dm_lightbox_only list-of-images images_in_a_row_3'>\n                        <div class=\"gallery_item\">\n\t\t\t\t\t\t\t<div class=\"gallery_item_padding\">\n\t\t\t\t\t\t\t\t<div class=\"gallery_item_wrapper\"><a class=\"dm_link\" id=\"dm_image1\" data-count=\"1\" data-width=\"1200\" data-height=\"900\" data-ratio=\"1.3333333333333\" data-thmb=\"https:\/\/pedrogajate.com\/wp-content\/uploads\/2017\/12\/20180218_140418-104x104.jpg\" data-type=\"image\" href=\"https:\/\/pedrogajate.com\/wp-content\/uploads\/2017\/12\/20180218_140418.jpg\" title=\"\"><div class=\"img_block\"><img class=\"img2preload\" data-title = \"\" data-caption = \"\"  data-title-color = \"\" data-caption-color = \"\"  data-img=\"https:\/\/pedrogajate.com\/wp-content\/uploads\/2017\/12\/20180218_140418.jpg\" src=\"https:\/\/pedrogajate.com\/wp-content\/uploads\/2017\/12\/20180218_140418-570x430.jpg\" alt=\"\" \/>\n\t\t\t\t\t\t\t\t\t\t\t<div class=\"gallery_fadder\"><\/div>\n\t\t\t\t\t\t\t\t\t\t\t<span class=\"plus_icon\"><\/span><\/div>\n\t\t\t\t\t\t\t\t\t<\/a>\n\t\t\t\t\t\t\t\t<\/div>\n\t\t\t\t\t\t\t<\/div>\n                        <\/div>\n                        \n                        <div class=\"gallery_item\">\n\t\t\t\t\t\t\t<div class=\"gallery_item_padding\">\n\t\t\t\t\t\t\t\t<div class=\"gallery_item_wrapper\"><a class=\"dm_link\" id=\"dm_image2\" data-count=\"2\" data-width=\"1200\" data-height=\"900\" data-ratio=\"1.3333333333333\" data-thmb=\"https:\/\/pedrogajate.com\/wp-content\/uploads\/2017\/12\/20180218_140438-104x104.jpg\" data-type=\"image\" href=\"https:\/\/pedrogajate.com\/wp-content\/uploads\/2017\/12\/20180218_140438.jpg\" title=\"\"><div class=\"img_block\"><img class=\"img2preload\" data-title = \"\" data-caption = \"\"  data-title-color = \"\" data-caption-color = \"\"  data-img=\"https:\/\/pedrogajate.com\/wp-content\/uploads\/2017\/12\/20180218_140438.jpg\" src=\"https:\/\/pedrogajate.com\/wp-content\/uploads\/2017\/12\/20180218_140438-570x430.jpg\" alt=\"\" \/>\n\t\t\t\t\t\t\t\t\t\t\t<div class=\"gallery_fadder\"><\/div>\n\t\t\t\t\t\t\t\t\t\t\t<span class=\"plus_icon\"><\/span><\/div>\n\t\t\t\t\t\t\t\t\t<\/a>\n\t\t\t\t\t\t\t\t<\/div>\n\t\t\t\t\t\t\t<\/div>\n                        <\/div>\n                        \n                        <div class=\"gallery_item\">\n\t\t\t\t\t\t\t<div class=\"gallery_item_padding\">\n\t\t\t\t\t\t\t\t<div class=\"gallery_item_wrapper\"><a class=\"dm_link\" id=\"dm_image3\" data-count=\"3\" data-width=\"1200\" data-height=\"900\" data-ratio=\"1.3333333333333\" data-thmb=\"https:\/\/pedrogajate.com\/wp-content\/uploads\/2017\/12\/20180218_140545-104x104.jpg\" data-type=\"image\" href=\"https:\/\/pedrogajate.com\/wp-content\/uploads\/2017\/12\/20180218_140545.jpg\" title=\"\"><div class=\"img_block\"><img class=\"img2preload\" data-title = \"\" data-caption = \"\"  data-title-color = \"\" data-caption-color = \"\"  data-img=\"https:\/\/pedrogajate.com\/wp-content\/uploads\/2017\/12\/20180218_140545.jpg\" src=\"https:\/\/pedrogajate.com\/wp-content\/uploads\/2017\/12\/20180218_140545-570x430.jpg\" alt=\"\" \/>\n\t\t\t\t\t\t\t\t\t\t\t<div class=\"gallery_fadder\"><\/div>\n\t\t\t\t\t\t\t\t\t\t\t<span class=\"plus_icon\"><\/span><\/div>\n\t\t\t\t\t\t\t\t\t<\/a>\n\t\t\t\t\t\t\t\t<\/div>\n\t\t\t\t\t\t\t<\/div>\n                        <\/div>\n                        \n                        <div class=\"gallery_item\">\n\t\t\t\t\t\t\t<div class=\"gallery_item_padding\">\n\t\t\t\t\t\t\t\t<div class=\"gallery_item_wrapper\"><a class=\"dm_link\" id=\"dm_image4\" data-count=\"4\" data-width=\"1200\" data-height=\"900\" data-ratio=\"1.3333333333333\" data-thmb=\"https:\/\/pedrogajate.com\/wp-content\/uploads\/2017\/12\/20180218_140643-104x104.jpg\" data-type=\"image\" href=\"https:\/\/pedrogajate.com\/wp-content\/uploads\/2017\/12\/20180218_140643.jpg\" title=\"\"><div class=\"img_block\"><img class=\"img2preload\" data-title = \"\" data-caption = \"\"  data-title-color = \"\" data-caption-color = \"\"  data-img=\"https:\/\/pedrogajate.com\/wp-content\/uploads\/2017\/12\/20180218_140643.jpg\" src=\"https:\/\/pedrogajate.com\/wp-content\/uploads\/2017\/12\/20180218_140643-570x430.jpg\" alt=\"\" \/>\n\t\t\t\t\t\t\t\t\t\t\t<div class=\"gallery_fadder\"><\/div>\n\t\t\t\t\t\t\t\t\t\t\t<span class=\"plus_icon\"><\/span><\/div>\n\t\t\t\t\t\t\t\t\t<\/a>\n\t\t\t\t\t\t\t\t<\/div>\n\t\t\t\t\t\t\t<\/div>\n                        <\/div>\n                        \n                        <div class=\"gallery_item\">\n\t\t\t\t\t\t\t<div class=\"gallery_item_padding\">\n\t\t\t\t\t\t\t\t<div class=\"gallery_item_wrapper\"><a class=\"dm_link\" id=\"dm_image5\" data-count=\"5\" data-width=\"1200\" data-height=\"900\" data-ratio=\"1.3333333333333\" data-thmb=\"https:\/\/pedrogajate.com\/wp-content\/uploads\/2017\/12\/20180218_140837-104x104.jpg\" data-type=\"image\" href=\"https:\/\/pedrogajate.com\/wp-content\/uploads\/2017\/12\/20180218_140837.jpg\" title=\"\"><div class=\"img_block\"><img class=\"img2preload\" data-title = \"\" data-caption = \"\"  data-title-color = \"\" data-caption-color = \"\"  data-img=\"https:\/\/pedrogajate.com\/wp-content\/uploads\/2017\/12\/20180218_140837.jpg\" src=\"https:\/\/pedrogajate.com\/wp-content\/uploads\/2017\/12\/20180218_140837-570x430.jpg\" alt=\"\" \/>\n\t\t\t\t\t\t\t\t\t\t\t<div class=\"gallery_fadder\"><\/div>\n\t\t\t\t\t\t\t\t\t\t\t<span class=\"plus_icon\"><\/span><\/div>\n\t\t\t\t\t\t\t\t\t<\/a>\n\t\t\t\t\t\t\t\t<\/div>\n\t\t\t\t\t\t\t<\/div>\n                        <\/div>\n                        \n                        <div class=\"gallery_item\">\n\t\t\t\t\t\t\t<div class=\"gallery_item_padding\">\n\t\t\t\t\t\t\t\t<div class=\"gallery_item_wrapper\"><a class=\"dm_link\" id=\"dm_image6\" data-count=\"6\" data-width=\"800\" data-height=\"1067\" data-ratio=\"0.74976569821931\" data-thmb=\"https:\/\/pedrogajate.com\/wp-content\/uploads\/2017\/12\/Trebolares_1-104x104.jpg\" data-type=\"image\" href=\"https:\/\/pedrogajate.com\/wp-content\/uploads\/2017\/12\/Trebolares_1.jpg\" title=\"\"><div class=\"img_block\"><img class=\"img2preload\" data-title = \"\" data-caption = \"\"  data-title-color = \"\" data-caption-color = \"\"  data-img=\"https:\/\/pedrogajate.com\/wp-content\/uploads\/2017\/12\/Trebolares_1.jpg\" src=\"https:\/\/pedrogajate.com\/wp-content\/uploads\/2017\/12\/Trebolares_1-570x430.jpg\" alt=\"\" \/>\n\t\t\t\t\t\t\t\t\t\t\t<div class=\"gallery_fadder\"><\/div>\n\t\t\t\t\t\t\t\t\t\t\t<span class=\"plus_icon\"><\/span><\/div>\n\t\t\t\t\t\t\t\t\t<\/a>\n\t\t\t\t\t\t\t\t<\/div>\n\t\t\t\t\t\t\t<\/div>\n                        <\/div>\n                        \n                        <div class=\"gallery_item\">\n\t\t\t\t\t\t\t<div class=\"gallery_item_padding\">\n\t\t\t\t\t\t\t\t<div class=\"gallery_item_wrapper\"><a class=\"dm_link\" id=\"dm_image7\" data-count=\"7\" data-width=\"800\" data-height=\"1067\" data-ratio=\"0.74976569821931\" data-thmb=\"https:\/\/pedrogajate.com\/wp-content\/uploads\/2017\/12\/Trebolares_2-104x104.jpg\" data-type=\"image\" href=\"https:\/\/pedrogajate.com\/wp-content\/uploads\/2017\/12\/Trebolares_2.jpg\" title=\"\"><div class=\"img_block\"><img class=\"img2preload\" data-title = \"\" data-caption = \"\"  data-title-color = \"\" data-caption-color = \"\"  data-img=\"https:\/\/pedrogajate.com\/wp-content\/uploads\/2017\/12\/Trebolares_2.jpg\" src=\"https:\/\/pedrogajate.com\/wp-content\/uploads\/2017\/12\/Trebolares_2-570x430.jpg\" alt=\"\" \/>\n\t\t\t\t\t\t\t\t\t\t\t<div class=\"gallery_fadder\"><\/div>\n\t\t\t\t\t\t\t\t\t\t\t<span class=\"plus_icon\"><\/span><\/div>\n\t\t\t\t\t\t\t\t\t<\/a>\n\t\t\t\t\t\t\t\t<\/div>\n\t\t\t\t\t\t\t<\/div>\n                        <\/div>\n                        \n                        <div class=\"gallery_item\">\n\t\t\t\t\t\t\t<div class=\"gallery_item_padding\">\n\t\t\t\t\t\t\t\t<div class=\"gallery_item_wrapper\"><a class=\"dm_link\" id=\"dm_image8\" data-count=\"8\" data-width=\"800\" data-height=\"1067\" data-ratio=\"0.74976569821931\" data-thmb=\"https:\/\/pedrogajate.com\/wp-content\/uploads\/2017\/12\/Trebolares_3-104x104.jpg\" data-type=\"image\" href=\"https:\/\/pedrogajate.com\/wp-content\/uploads\/2017\/12\/Trebolares_3.jpg\" title=\"\"><div class=\"img_block\"><img class=\"img2preload\" data-title = \"\" data-caption = \"\"  data-title-color = \"\" data-caption-color = \"\"  data-img=\"https:\/\/pedrogajate.com\/wp-content\/uploads\/2017\/12\/Trebolares_3.jpg\" src=\"https:\/\/pedrogajate.com\/wp-content\/uploads\/2017\/12\/Trebolares_3-570x430.jpg\" alt=\"\" \/>\n\t\t\t\t\t\t\t\t\t\t\t<div class=\"gallery_fadder\"><\/div>\n\t\t\t\t\t\t\t\t\t\t\t<span class=\"plus_icon\"><\/span><\/div>\n\t\t\t\t\t\t\t\t\t<\/a>\n\t\t\t\t\t\t\t\t<\/div>\n\t\t\t\t\t\t\t<\/div>\n                        <\/div>\n                        \n            <div class='clear'><\/div>\n            <\/div>\n            <\/div><!-- .module_cont --><\/div>","protected":false},"excerpt":{"rendered":"<p>Trebolares Esta peque\u00f1a parcela tiene una superficie de 1400 m2 y se encuentra en el t\u00e9rmino municipal de Villarino en la cuenca del rio Duero. Por su altitud, 675m, es m\u00e1s sensible a sufrir heladas de primavera. El suelo m\u00e1s profundo y la buena adaptaci\u00f3n de las variedades hacen que \u00a0el vigor de sus cepas no sea el habitual de plantas de casi 100 a\u00f1os.<\/p>\n","protected":false},"author":1,"featured_media":0,"parent":26,"menu_order":0,"comment_status":"closed","ping_status":"closed","template":"page-center.php","meta":[],"_links":{"self":[{"href":"https:\/\/pedrogajate.com\/index.php?rest_route=\/wp\/v2\/pages\/97"}],"collection":[{"href":"https:\/\/pedrogajate.com\/index.php?rest_route=\/wp\/v2\/pages"}],"about":[{"href":"https:\/\/pedrogajate.com\/index.php?rest_route=\/wp\/v2\/types\/page"}],"author":[{"embeddable":true,"href":"https:\/\/pedrogajate.com\/index.php?rest_route=\/wp\/v2\/users\/1"}],"replies":[{"embeddable":true,"href":"https:\/\/pedrogajate.com\/index.php?rest_route=%2Fwp%2Fv2%2Fcomments&post=97"}],"version-history":[{"count":5,"href":"https:\/\/pedrogajate.com\/index.php?rest_route=\/wp\/v2\/pages\/97\/revisions"}],"predecessor-version":[{"id":440,"href":"https:\/\/pedrogajate.com\/index.php?rest_route=\/wp\/v2\/pages\/97\/revisions\/440"}],"up":[{"embeddable":true,"href":"https:\/\/pedrogajate.com\/index.php?rest_route=\/wp\/v2\/pages\/26"}],"wp:attachment":[{"href":"https:\/\/pedrogajate.com\/index.php?rest_route=%2Fwp%2Fv2%2Fmedia&parent=97"}],"curies":[{"name":"wp","href":"https:\/\/api.w.org\/{rel}","templated":true}]}}